{"id":116,"date":"2022-03-10T00:16:00","date_gmt":"2022-03-09T23:16:00","guid":{"rendered":"https:\/\/szigbad.hu.webhost.v-comp.ch\/?page_id=116"},"modified":"2022-03-10T00:53:34","modified_gmt":"2022-03-09T23:53:34","slug":"o-nasej-spolocnosti-balogh","status":"publish","type":"page","link":"https:\/\/szigbad.hu.webhost.v-comp.ch\/?page_id=116&lang=sk","title":{"rendered":"O na\u0161ej spolo\u010dnosti Balogh"},"content":{"rendered":"\n<p>Balogh Szig-B\u00e1d s.r.o. spolo\u010dnos\u0165 bola zalo\u017een\u00e1 v roku 1992, ako komanditn\u00e1 spolo\u010dnos\u0165 (k.s.)<\/p>\n\n\n\n<p>Majitelia rodinn\u00e9ho podnikania:<\/p>\n\n\n\n<ul class=\"wp-block-list\"><li>Balogh Lajos<\/li><li>Balogh Lajosn\u00e9<\/li><li>Balogh P\u00e9ter<\/li><\/ul>\n\n\n\n<p>V n\u00e1zve na\u0161ej spolo\u010dnosti sme pova\u017eovali za potrebn\u00e9 uvies\u0165 men\u00e1 na\u0161ich majite\u013eov, lebo smelo d\u00e1vame na\u0161e men\u00e1 k svojej pr\u00e1ci.<\/p>\n\n\n\n<p>Kombin\u00e1cia slov: Szig-B\u00e1d sa nazna\u010duje hlavn\u00fa \u010dinnos\u0165ou na\u0161ej spolo\u010dnosti: Szigetel\u00e9s-Izol\u00e1cia, B\u00e1dogos- Klampiarstvo.<\/p>\n","protected":false},"excerpt":{"rendered":"<p>Balogh Szig-B\u00e1d s.r.o. spolo\u010dnos\u0165 bola zalo\u017een\u00e1 v roku 1992, ako komanditn\u00e1 spolo\u010dnos\u0165 (k.s.) Majitelia rodinn\u00e9ho podnikania: Balogh Lajos Balogh Lajosn\u00e9 Balogh P\u00e9ter V n\u00e1zve na\u0161ej spolo\u010dnosti sme pova\u017eovali za potrebn\u00e9 uvies\u0165 men\u00e1 na\u0161ich majite\u013eov, lebo smelo d\u00e1vame na\u0161e men\u00e1 k svojej pr\u00e1ci. Kombin\u00e1cia slov: Szig-B\u00e1d sa nazna\u010duje hlavn\u00fa \u010dinnos\u0165ou na\u0161ej spolo\u010dnosti: Szigetel\u00e9s-Izol\u00e1cia, B\u00e1dogos- Klampiarstvo.<\/p>\n","protected":false},"author":1,"featured_media":0,"parent":0,"menu_order":0,"comment_status":"closed","ping_status":"closed","template":"","meta":{"footnotes":""},"class_list":["post-116","page","type-page","status-publish","hentry"],"_links":{"self":[{"href":"https:\/\/szigbad.hu.webhost.v-comp.ch\/index.php?rest_route=\/wp\/v2\/pages\/116","targetHints":{"allow":["GET"]}}],"collection":[{"href":"https:\/\/szigbad.hu.webhost.v-comp.ch\/index.php?rest_route=\/wp\/v2\/pages"}],"about":[{"href":"https:\/\/szigbad.hu.webhost.v-comp.ch\/index.php?rest_route=\/wp\/v2\/types\/page"}],"author":[{"embeddable":true,"href":"https:\/\/szigbad.hu.webhost.v-comp.ch\/index.php?rest_route=\/wp\/v2\/users\/1"}],"replies":[{"embeddable":true,"href":"https:\/\/szigbad.hu.webhost.v-comp.ch\/index.php?rest_route=%2Fwp%2Fv2%2Fcomments&post=116"}],"version-history":[{"count":2,"href":"https:\/\/szigbad.hu.webhost.v-comp.ch\/index.php?rest_route=\/wp\/v2\/pages\/116\/revisions"}],"predecessor-version":[{"id":175,"href":"https:\/\/szigbad.hu.webhost.v-comp.ch\/index.php?rest_route=\/wp\/v2\/pages\/116\/revisions\/175"}],"wp:attachment":[{"href":"https:\/\/szigbad.hu.webhost.v-comp.ch\/index.php?rest_route=%2Fwp%2Fv2%2Fmedia&parent=116"}],"curies":[{"name":"wp","href":"https:\/\/api.w.org\/{rel}","templated":true}]}}