{"id":118,"date":"2022-03-10T00:16:36","date_gmt":"2022-03-09T23:16:36","guid":{"rendered":"https:\/\/szigbad.hu.webhost.v-comp.ch\/?page_id=118"},"modified":"2022-03-10T00:54:46","modified_gmt":"2022-03-09T23:54:46","slug":"o-nas","status":"publish","type":"page","link":"https:\/\/szigbad.hu.webhost.v-comp.ch\/?page_id=118&lang=sk","title":{"rendered":"O n\u00e1s"},"content":{"rendered":"\n<p>V\u00fdsledkom v\u00fdvoja na\u0161ej spolo\u010dnosti s\u00fa: kvalita a spo\u013eahlivos\u0165.<\/p>\n\n\n\n<p>Od za\u010diatku sme \u010dlenmi dru\u017eby \u00c9MSZ (\u00c9P\u00dcLETSZIGETEL\u0150K TET\u0150FED\u0150K \u00c9S B\u00c1DOGOSOK MAGYARORSZ\u00c1GI SZ\u00d6VETS\u00c9GE).<\/p>\n\n\n\n<p>Na\u0161u aktivitu vykon\u00e1vame s p\u00e4tn\u00e1stimi vysoko kvalifikovan\u00fdmi in\u0161talat\u00e9rmi a odborn\u00edkmi izol\u00e1cie.<\/p>\n\n\n\n<p>Strechy o\u0161etr\u00edme komplexn\u00fdm sp\u00f4sobom, vykon\u00e1vame izola\u010dn\u00e9 pr\u00e1ce, primontujeme ochrann\u00e9 zariadenia pred bleskom-hromozvod- a sprav\u00edme aj klampiarske pr\u00e1ce.<\/p>\n\n\n\n<p>Na\u0161a spolo\u010dnos\u0165 z\u00edskala ve\u013ea sk\u00fasenost\u00ed v pr\u00edprave nov\u00fdch striech. Pri mont\u00e1\u017ee pou\u017e\u00edvame r\u00f4zne technick\u00e9 met\u00f3dy.<\/p>\n\n\n\n<p>Na\u0161u ponuku sme roz\u0161\u00edrili, a teraz u\u017e popri tradi\u010dnej klampiarskej pr\u00e1ce vykon\u00e1vame aj r\u00f4zne vodoizola\u010dn\u00e9 a pr\u00edstre\u0161n\u00e9 pr\u00e1ce v\u0161etk\u00fdch typov.<\/p>\n\n\n\n<p>V roku 2002 na\u0161a spolo\u010dnos\u0165 dostala ISO 9001:2000 klasifik\u00e1ciu.<br>V roku 2007 na\u0161a spolo\u010dnos\u0165 mala \u010dist\u00fd zisk 250 mili\u00f3nov forintov.<\/p>\n","protected":false},"excerpt":{"rendered":"<p>V\u00fdsledkom v\u00fdvoja na\u0161ej spolo\u010dnosti s\u00fa: kvalita a spo\u013eahlivos\u0165. Od za\u010diatku sme \u010dlenmi dru\u017eby \u00c9MSZ (\u00c9P\u00dcLETSZIGETEL\u0150K TET\u0150FED\u0150K \u00c9S B\u00c1DOGOSOK MAGYARORSZ\u00c1GI SZ\u00d6VETS\u00c9GE). Na\u0161u aktivitu vykon\u00e1vame s p\u00e4tn\u00e1stimi vysoko kvalifikovan\u00fdmi in\u0161talat\u00e9rmi a odborn\u00edkmi izol\u00e1cie. Strechy o\u0161etr\u00edme komplexn\u00fdm sp\u00f4sobom, vykon\u00e1vame izola\u010dn\u00e9 pr\u00e1ce, primontujeme ochrann\u00e9 zariadenia pred bleskom-hromozvod- a sprav\u00edme aj klampiarske pr\u00e1ce. Na\u0161a spolo\u010dnos\u0165 z\u00edskala ve\u013ea sk\u00fasenost\u00ed v pr\u00edprave &hellip; <a href=\"https:\/\/szigbad.hu.webhost.v-comp.ch\/?page_id=118&#038;lang=sk\" class=\"more-link\">Continue reading<span class=\"screen-reader-text\"> &#8220;O n\u00e1s&#8221;<\/span><\/a><\/p>\n","protected":false},"author":1,"featured_media":0,"parent":0,"menu_order":0,"comment_status":"closed","ping_status":"closed","template":"","meta":{"footnotes":""},"class_list":["post-118","page","type-page","status-publish","hentry"],"_links":{"self":[{"href":"https:\/\/szigbad.hu.webhost.v-comp.ch\/index.php?rest_route=\/wp\/v2\/pages\/118","targetHints":{"allow":["GET"]}}],"collection":[{"href":"https:\/\/szigbad.hu.webhost.v-comp.ch\/index.php?rest_route=\/wp\/v2\/pages"}],"about":[{"href":"https:\/\/szigbad.hu.webhost.v-comp.ch\/index.php?rest_route=\/wp\/v2\/types\/page"}],"author":[{"embeddable":true,"href":"https:\/\/szigbad.hu.webhost.v-comp.ch\/index.php?rest_route=\/wp\/v2\/users\/1"}],"replies":[{"embeddable":true,"href":"https:\/\/szigbad.hu.webhost.v-comp.ch\/index.php?rest_route=%2Fwp%2Fv2%2Fcomments&post=118"}],"version-history":[{"count":2,"href":"https:\/\/szigbad.hu.webhost.v-comp.ch\/index.php?rest_route=\/wp\/v2\/pages\/118\/revisions"}],"predecessor-version":[{"id":177,"href":"https:\/\/szigbad.hu.webhost.v-comp.ch\/index.php?rest_route=\/wp\/v2\/pages\/118\/revisions\/177"}],"wp:attachment":[{"href":"https:\/\/szigbad.hu.webhost.v-comp.ch\/index.php?rest_route=%2Fwp%2Fv2%2Fmedia&parent=118"}],"curies":[{"name":"wp","href":"https:\/\/api.w.org\/{rel}","templated":true}]}}