{"id":240,"date":"2023-03-30T22:06:48","date_gmt":"2023-03-30T20:06:48","guid":{"rendered":"https:\/\/szigbad.hu.webhost.v-comp.ch\/?page_id=240"},"modified":"2023-03-30T23:41:50","modified_gmt":"2023-03-30T21:41:50","slug":"1995-evi-referencialista","status":"publish","type":"page","link":"https:\/\/szigbad.hu.webhost.v-comp.ch\/?page_id=240","title":{"rendered":"1995. \u00e9vi referencialista"},"content":{"rendered":"\n<figure class=\"wp-block-table\" style=\"font-style:normal;font-weight:100\"><table><tbody><tr><td>1<\/td><td>Zoltek Magyar Viscosa RT.<\/td><td class=\"has-text-align-right\" data-align=\"right\">900 m\u00b2<\/td><\/tr><tr><td>2<\/td><td>Piszkei Pap\u00edr Rt.<\/td><td class=\"has-text-align-right\" data-align=\"right\">1.500 m\u00b2<\/td><\/tr><tr><td>3<\/td><td>Esztergom Aranyhegyi \u00fat 8. Lak\u00f3h\u00e1z<\/td><td class=\"has-text-align-right\" data-align=\"right\">300 m\u00b2<\/td><\/tr><tr><td>4<\/td><td>Kom\u00e1rom-Esztergom Megyei T\u00e1vh\u0151szolg\u00e1ltat\u00f3 V\u00e1ll.<\/td><td class=\"has-text-align-right\" data-align=\"right\">200 m\u00b2<\/td><\/tr><tr><td>5<\/td><td>Tokod-\u00dcveggy\u00e1r Olajlerakat<\/td><td class=\"has-text-align-right\" data-align=\"right\">80 m\u00b2<\/td><\/tr><tr><td>6<\/td><td>Jung Hung\u00e1ria Kft. Esztergom<\/td><td class=\"has-text-align-right\" data-align=\"right\">320 m\u00b2<\/td><\/tr><tr><td>7<\/td><td>Esztergom Aranyhegyi \u00fat 12. Lak\u00f3h\u00e1z<\/td><td class=\"has-text-align-right\" data-align=\"right\">300 m\u00b2<\/td><\/tr><tr><td>8<\/td><td>Rihter Gedeon Vegy\u00e9szeti Gy\u00e1r Rt.<\/td><td class=\"has-text-align-right\" data-align=\"right\">&nbsp;3.000 m\u00b2<\/td><\/tr><tr><td>9<\/td><td>Nyerges\u00fajfalu T\u00f3 \u00fat 8. Lak\u00f3h\u00e1z<\/td><td class=\"has-text-align-right\" data-align=\"right\">200 m\u00b2<\/td><\/tr><tr><td>10<\/td><td>Nyerges\u00fajfalu Frankel Le\u00f3 \u00fat 8. Lak\u00f3h\u00e1z<\/td><td class=\"has-text-align-right\" data-align=\"right\">50 m\u00b2<\/td><\/tr><tr><td>11<\/td><td>Magyar Honv\u00e9ds\u00e9g Esztergom-kertv\u00e1ros<\/td><td class=\"has-text-align-right\" data-align=\"right\">600 m\u00b2<\/td><\/tr><tr><td>12<\/td><td>Dorog F\u00e1y&nbsp; ltp. 12 lak\u00f3h\u00e1z<\/td><td class=\"has-text-align-right\" data-align=\"right\">50 m\u00b2<\/td><\/tr><tr><td>13<\/td><td>Szaforg CNC Kft Esztergom<\/td><td class=\"has-text-align-right\" data-align=\"right\">300 m\u00b2<\/td><\/tr><tr><td>14<\/td><td>Nyerges\u00fajfalu M\u00e1jus 1 t\u00e9r ABC<\/td><td class=\"has-text-align-right\" data-align=\"right\">120 m\u00b2<\/td><\/tr><tr><td>15<\/td><td>Kamleitner L\u00e9gtechnikai Kft. Tokodalt\u00e1r\u00f3<\/td><td class=\"has-text-align-right\" data-align=\"right\">200 m\u00b2<\/td><\/tr><tr><td>16<\/td><td>Vasbeton Rt. L\u00e1batlan<\/td><td class=\"has-text-align-right\" data-align=\"right\">180 m\u00b2<\/td><\/tr><tr><td>17<\/td><td>Dorog Zsigmond ltp. 5-10 lak\u00f3h\u00e1z<\/td><td class=\"has-text-align-right\" data-align=\"right\">100 m\u00b2<\/td><\/tr><tr><td>18<\/td><td>Esztergom Semmelweis u. 3-5. Lak\u00f3h\u00e1z<\/td><td class=\"has-text-align-right\" data-align=\"right\">400 m\u00b2<\/td><\/tr><tr><td>19<\/td><td>Esztergom-kertv\u00e1ros Wessel\u00e9nyi u. 35 lak\u00f3h\u00e1z<\/td><td class=\"has-text-align-right\" data-align=\"right\">400 m\u00b2<\/td><\/tr><tr><td>20<\/td><td>Kom\u00e1rom MOLAJ<\/td><td class=\"has-text-align-right\" data-align=\"right\">150 m\u00b2<\/td><\/tr><tr><td>21<\/td><td>\u00c9d\u00e1sz Rt. Esztergom<\/td><td class=\"has-text-align-right\" data-align=\"right\">160 m\u00b2<\/td><\/tr><tr><td>22<\/td><td>Esztergom B\u00e9ke t\u00e9r 60. Lak\u00f3h\u00e1z<\/td><td class=\"has-text-align-right\" data-align=\"right\">200 m\u00b2<\/td><\/tr><tr><td>23<\/td><td>P\u00e1ty galv\u00e1n\u00fczem<\/td><td class=\"has-text-align-right\" data-align=\"right\">800 m\u00b2<\/td><\/tr><tr><td>24<\/td><td>Hanglemez Gy\u00e1r fa, Dorog<\/td><td class=\"has-text-align-right\" data-align=\"right\">300 m\u00b2<\/td><\/tr><tr><td>25<\/td><td>SZ\u00dcSZ Kft. Dorog<\/td><td class=\"has-text-align-right\" data-align=\"right\">100 m\u00b2<\/td><\/tr><tr><td>26<\/td><td>Cronus Kft. Szentendre<\/td><td class=\"has-text-align-right\" data-align=\"right\">400 m\u00b2<\/td><\/tr><tr><td>27<\/td><td>Eternit Kft. Nyerges\u00fajfalu<\/td><td class=\"has-text-align-right\" data-align=\"right\">100 m\u00b2<\/td><\/tr><tr><td>28<\/td><td>M\u0171vese \u00c1llom\u00e1s Esztergom<\/td><td class=\"has-text-align-right\" data-align=\"right\">140 m\u00b2<\/td><\/tr><tr><td>29<\/td><td>Lak\u00e1sfenntart\u00f3 Sz\u00f6vetkezet Esztergom<\/td><td class=\"has-text-align-right\" data-align=\"right\">1.000 m\u00b2<\/td><\/tr><\/tbody><\/table><\/figure>\n","protected":false},"excerpt":{"rendered":"<p>1 Zoltek Magyar Viscosa RT. 900 m\u00b2 2 Piszkei Pap\u00edr Rt. 1.500 m\u00b2 3 Esztergom Aranyhegyi \u00fat 8. Lak\u00f3h\u00e1z 300 m\u00b2 4 Kom\u00e1rom-Esztergom Megyei T\u00e1vh\u0151szolg\u00e1ltat\u00f3 V\u00e1ll. 200 m\u00b2 5 Tokod-\u00dcveggy\u00e1r Olajlerakat 80 m\u00b2 6 Jung Hung\u00e1ria Kft. Esztergom 320 m\u00b2 7 Esztergom Aranyhegyi \u00fat 12. Lak\u00f3h\u00e1z 300 m\u00b2 8 Rihter Gedeon Vegy\u00e9szeti Gy\u00e1r Rt. &nbsp;3.000 &hellip; <a href=\"https:\/\/szigbad.hu.webhost.v-comp.ch\/?page_id=240\" class=\"more-link\">Continue reading<span class=\"screen-reader-text\"> &#8220;1995. \u00e9vi referencialista&#8221;<\/span><\/a><\/p>\n","protected":false},"author":1,"featured_media":0,"parent":0,"menu_order":0,"comment_status":"closed","ping_status":"closed","template":"","meta":{"footnotes":""},"class_list":["post-240","page","type-page","status-publish","hentry"],"_links":{"self":[{"href":"https:\/\/szigbad.hu.webhost.v-comp.ch\/index.php?rest_route=\/wp\/v2\/pages\/240","targetHints":{"allow":["GET"]}}],"collection":[{"href":"https:\/\/szigbad.hu.webhost.v-comp.ch\/index.php?rest_route=\/wp\/v2\/pages"}],"about":[{"href":"https:\/\/szigbad.hu.webhost.v-comp.ch\/index.php?rest_route=\/wp\/v2\/types\/page"}],"author":[{"embeddable":true,"href":"https:\/\/szigbad.hu.webhost.v-comp.ch\/index.php?rest_route=\/wp\/v2\/users\/1"}],"replies":[{"embeddable":true,"href":"https:\/\/szigbad.hu.webhost.v-comp.ch\/index.php?rest_route=%2Fwp%2Fv2%2Fcomments&post=240"}],"version-history":[{"count":10,"href":"https:\/\/szigbad.hu.webhost.v-comp.ch\/index.php?rest_route=\/wp\/v2\/pages\/240\/revisions"}],"predecessor-version":[{"id":322,"href":"https:\/\/szigbad.hu.webhost.v-comp.ch\/index.php?rest_route=\/wp\/v2\/pages\/240\/revisions\/322"}],"wp:attachment":[{"href":"https:\/\/szigbad.hu.webhost.v-comp.ch\/index.php?rest_route=%2Fwp%2Fv2%2Fmedia&parent=240"}],"curies":[{"name":"wp","href":"https:\/\/api.w.org\/{rel}","templated":true}]}}