{"id":242,"date":"2023-03-30T22:07:57","date_gmt":"2023-03-30T20:07:57","guid":{"rendered":"https:\/\/szigbad.hu.webhost.v-comp.ch\/?page_id=242"},"modified":"2023-03-30T22:36:53","modified_gmt":"2023-03-30T20:36:53","slug":"1996-evi-referencialista","status":"publish","type":"page","link":"https:\/\/szigbad.hu.webhost.v-comp.ch\/?page_id=242","title":{"rendered":"1996. \u00e9vi referencialista"},"content":{"rendered":"\n<figure class=\"wp-block-table\"><table><tbody><tr><td>.<\/td><td>Volt Evig csarnok Tokod<\/td><td class=\"has-text-align-right\" data-align=\"right\">1.600 m\u00b2<\/td><\/tr><tr><td>2<\/td><td>Lak\u00e1sfenntar\u00f3 Sz\u00f6vetkezet Esztergom<\/td><td class=\"has-text-align-right\" data-align=\"right\">860 m\u00b2<\/td><\/tr><tr><td>3<\/td><td>Kom\u00e1rom-Esztergom Megyei T\u00e1vh\u0151szolg. RT.<\/td><td class=\"has-text-align-right\" data-align=\"right\">220 m\u00b2<\/td><\/tr><tr><td>4<\/td><td>Richter Gedeon Vegy\u00e9szeti Gy\u00e1r RT.<\/td><td class=\"has-text-align-right\" data-align=\"right\">3.480 m\u00b2<\/td><\/tr><tr><td>5<\/td><td>Piszkei Pap\u00edr Rt. L\u00e1batlan<\/td><td class=\"has-text-align-right\" data-align=\"right\">1.220 m\u00b2<\/td><\/tr><tr><td>6<\/td><td>Zoltek Magyar Viscosa Rt. Nyerges\u00fajfalu<\/td><td class=\"has-text-align-right\" data-align=\"right\">1.960 m\u00b2<\/td><\/tr><tr><td>7<\/td><td>Flex-tex Kft. Esztergom<\/td><td class=\"has-text-align-right\" data-align=\"right\">480 m\u00b2<\/td><\/tr><tr><td>8<\/td><td>Szaforg CNC Kft. Esztergom<\/td><td class=\"has-text-align-right\" data-align=\"right\">350 m\u00b2<\/td><\/tr><tr><td>9<\/td><td>PFLEIDERER L\u00e1batlani Vasbetonipari RT.<\/td><td class=\"has-text-align-right\" data-align=\"right\">280 m\u00b2<\/td><\/tr><tr><td>10<\/td><td>Kom\u00e1rom-Esztergom Megyei F\u00f6ldhivatal Esztergom<\/td><td class=\"has-text-align-right\" data-align=\"right\">450 m\u00b2<\/td><\/tr><tr><td>11<\/td><td>Polg\u00e1rmesteri Hivatal Nyerges\u00fajfalu<\/td><td class=\"has-text-align-right\" data-align=\"right\">150 m\u00b2<\/td><\/tr><tr><td>12<\/td><td>Magyar Honv\u00e9ds\u00e9g Esztergom-kertv\u00e1ros<\/td><td class=\"has-text-align-right\" data-align=\"right\">580 m\u00b2<\/td><\/tr><tr><td>13<\/td><td>Dorogi Sportp\u00e1lya f\u00fcrd\u0151-\u00f6lt\u00f6z\u0151<\/td><td class=\"has-text-align-right\" data-align=\"right\">530 m\u00b2<\/td><\/tr><tr><td>14<\/td><td>Tokodi Sz\u00e9nfeldolgoz\u00f3 RT.<\/td><td class=\"has-text-align-right\" data-align=\"right\">850 m\u00b2<\/td><\/tr><tr><td>15<\/td><td>Aranyhegyi 8. Lak\u00f3h\u00e1z Esztergom<\/td><td class=\"has-text-align-right\" data-align=\"right\">350 m\u00b2<\/td><\/tr><tr><td>16<\/td><td>Polg\u00e1rmestrei Hivatal Dorog<\/td><td class=\"has-text-align-right\" data-align=\"right\">970 m\u00b2<\/td><\/tr><tr><td>17<\/td><td>GAMESZ Esztergom<\/td><td class=\"has-text-align-right\" data-align=\"right\">310 m\u00b2<\/td><\/tr><tr><td>18<\/td><td>GAMESZ Nyerges\u00fajfalu<\/td><td class=\"has-text-align-right\" data-align=\"right\">440 m\u00b2<\/td><\/tr><tr><td>19<\/td><td>Polg\u00e1rmesteri Hivatal Esztergom<\/td><td class=\"has-text-align-right\" data-align=\"right\">430 m\u00b2<\/td><\/tr><tr><td>20<\/td><td>Roosemberg Hung\u00e1ria Kft. Tokodalt\u00e1r\u00f3<\/td><td class=\"has-text-align-right\" data-align=\"right\">100 m\u00b2<\/td><\/tr><tr><td>21<\/td><td>TGT Kft Dorog<\/td><td class=\"has-text-align-right\" data-align=\"right\">3.600 m\u00b2<\/td><\/tr><tr><td>22<\/td><td>GRABOPLAST RT. Keszt\u00f6lci tap\u00e9tagy\u00e1r<\/td><td class=\"has-text-align-right\" data-align=\"right\">150 m\u00b2<\/td><\/tr><tr><td>23<\/td><td>EGOM-COM RT. Esztergomi Telefonk\u00f6zpont<\/td><td class=\"has-text-align-right\" data-align=\"right\">960 m\u00b2<\/td><\/tr><tr><td>24<\/td><td>Relabor Kft. Dorogi rakt\u00e1r\u00e9p\u00fclet<\/td><td class=\"has-text-align-right\" data-align=\"right\">1.130 m\u00b2<\/td><\/tr><\/tbody><\/table><\/figure>\n","protected":false},"excerpt":{"rendered":"<p>. Volt Evig csarnok Tokod 1.600 m\u00b2 2 Lak\u00e1sfenntar\u00f3 Sz\u00f6vetkezet Esztergom 860 m\u00b2 3 Kom\u00e1rom-Esztergom Megyei T\u00e1vh\u0151szolg. RT. 220 m\u00b2 4 Richter Gedeon Vegy\u00e9szeti Gy\u00e1r RT. 3.480 m\u00b2 5 Piszkei Pap\u00edr Rt. L\u00e1batlan 1.220 m\u00b2 6 Zoltek Magyar Viscosa Rt. Nyerges\u00fajfalu 1.960 m\u00b2 7 Flex-tex Kft. Esztergom 480 m\u00b2 8 Szaforg CNC Kft. Esztergom 350 &hellip; <a href=\"https:\/\/szigbad.hu.webhost.v-comp.ch\/?page_id=242\" class=\"more-link\">Continue reading<span class=\"screen-reader-text\"> &#8220;1996. \u00e9vi referencialista&#8221;<\/span><\/a><\/p>\n","protected":false},"author":1,"featured_media":0,"parent":0,"menu_order":0,"comment_status":"closed","ping_status":"closed","template":"","meta":{"footnotes":""},"class_list":["post-242","page","type-page","status-publish","hentry"],"_links":{"self":[{"href":"https:\/\/szigbad.hu.webhost.v-comp.ch\/index.php?rest_route=\/wp\/v2\/pages\/242","targetHints":{"allow":["GET"]}}],"collection":[{"href":"https:\/\/szigbad.hu.webhost.v-comp.ch\/index.php?rest_route=\/wp\/v2\/pages"}],"about":[{"href":"https:\/\/szigbad.hu.webhost.v-comp.ch\/index.php?rest_route=\/wp\/v2\/types\/page"}],"author":[{"embeddable":true,"href":"https:\/\/szigbad.hu.webhost.v-comp.ch\/index.php?rest_route=\/wp\/v2\/users\/1"}],"replies":[{"embeddable":true,"href":"https:\/\/szigbad.hu.webhost.v-comp.ch\/index.php?rest_route=%2Fwp%2Fv2%2Fcomments&post=242"}],"version-history":[{"count":1,"href":"https:\/\/szigbad.hu.webhost.v-comp.ch\/index.php?rest_route=\/wp\/v2\/pages\/242\/revisions"}],"predecessor-version":[{"id":243,"href":"https:\/\/szigbad.hu.webhost.v-comp.ch\/index.php?rest_route=\/wp\/v2\/pages\/242\/revisions\/243"}],"wp:attachment":[{"href":"https:\/\/szigbad.hu.webhost.v-comp.ch\/index.php?rest_route=%2Fwp%2Fv2%2Fmedia&parent=242"}],"curies":[{"name":"wp","href":"https:\/\/api.w.org\/{rel}","templated":true}]}}