{"id":277,"date":"2023-03-30T22:20:48","date_gmt":"2023-03-30T20:20:48","guid":{"rendered":"https:\/\/szigbad.hu.webhost.v-comp.ch\/?page_id=277"},"modified":"2023-03-30T22:38:23","modified_gmt":"2023-03-30T20:38:23","slug":"2008-evi-referencialista","status":"publish","type":"page","link":"https:\/\/szigbad.hu.webhost.v-comp.ch\/?page_id=277","title":{"rendered":"2008. \u00e9vi referencialista"},"content":{"rendered":"\n<figure class=\"wp-block-table\"><table><tbody><tr><td>.<\/td><td>Zoltek Zrt.<\/td><td class=\"has-text-align-right\" data-align=\"right\">1300 m<sup>2<\/sup><\/td><\/tr><tr><td>2.<\/td><td>L\u00e1batlan 23 lak\u00e1sos t\u00e1rsash\u00e1z z\u00f6ldtet\u00f5<\/td><td class=\"has-text-align-right\" data-align=\"right\">350 m<sup>2<\/sup><\/td><\/tr><tr><td>3.<\/td><td>Rosenberg hung\u00e1ria Kft<\/td><td class=\"has-text-align-right\" data-align=\"right\">300 m<sup>2<\/sup><\/td><\/tr><tr><td>4.<\/td><td>Esztergom Irinyi h\u00e1z z\u00f6ldtet\u00f5<\/td><td class=\"has-text-align-right\" data-align=\"right\">1680 m<sup>2<\/sup><\/td><\/tr><tr><td>5.<\/td><td>Magyar Suzuki Zrt PVC szigetel\u00e9s<\/td><td class=\"has-text-align-right\" data-align=\"right\">550 m<sup>2<\/sup><\/td><\/tr><tr><td>6.<\/td><td>E-ON Rt. traf\u00f3h\u00e1zak<\/td><td class=\"has-text-align-right\" data-align=\"right\">200 m<sup>2<\/sup><\/td><\/tr><tr><td>7.<\/td><td>Budapest Eszter u. t\u00e1rsash\u00e1z<\/td><td class=\"has-text-align-right\" data-align=\"right\">680 m<sup>2<\/sup><\/td><\/tr><tr><td>8.<\/td><td>Esztergom Szt.Tam\u00e1s hegy t\u00e1rsash\u00e1z<\/td><td class=\"has-text-align-right\" data-align=\"right\">190 m<sup>2<\/sup><\/td><\/tr><tr><td>9.<\/td><td>Tyco Hung\u00e1ria Kft<\/td><td class=\"has-text-align-right\" data-align=\"right\">300 m<sup>2<\/sup><\/td><\/tr><tr><td>10.<\/td><td>Budapest Cirboly u. csal\u00e1di h\u00e1z<\/td><td class=\"has-text-align-right\" data-align=\"right\">270 m<sup>2<\/sup><\/td><\/tr><tr><td>11.<\/td><td>\u00c9D V\u00edzm\u00fb Rt<\/td><td class=\"has-text-align-right\" data-align=\"right\">350 m<sup>2<\/sup><\/td><\/tr><tr><td>12.<\/td><td>V\u00e1lent L\u00e1szl\u00f3 telephely Esztergom-kertv\u00e1ros<\/td><td class=\"has-text-align-right\" data-align=\"right\">670 m<sup>2<\/sup><\/td><\/tr><tr><td>13.<\/td><td>Szoci\u00e1lis \u00e9s Munka\u00fcgyi Miniszt\u00e9rium Esztergomi \u00e9p\u00fclete<\/td><td class=\"has-text-align-right\" data-align=\"right\">100 m<sup>2<\/sup><\/td><\/tr><tr><td>14.<\/td><td>Richter Gedeon Vegy\u00e9szeti Gy\u00e1r NyRt. Dorog<\/td><td class=\"has-text-align-right\" data-align=\"right\">900 m<sup>2<\/sup><\/td><\/tr><tr><td>15.<\/td><td>Ryowa Hung\u00e1ria Kft<\/td><td class=\"has-text-align-right\" data-align=\"right\">200 m<sup>2<\/sup><\/td><\/tr><tr><td>16.<\/td><td>Sarpy Dorog Kft<\/td><td class=\"has-text-align-right\" data-align=\"right\">1100 m<sup>2<\/sup><\/td><\/tr><tr><td>17.<\/td><td>Pilisszetntl\u00e9lek \u00c1ltal\u00e1nos Iskola<\/td><td class=\"has-text-align-right\" data-align=\"right\">100 m<sup>2<\/sup><\/td><\/tr><tr><td>18.<\/td><td>Dorog M\u00e1ria H\u00e1z z\u00f6ldtet\u00f5k<\/td><td class=\"has-text-align-right\" data-align=\"right\">1080 m<sup>2<\/sup><\/td><\/tr><tr><td>19.<\/td><td>Nyerges\u00fajfalu Rendel\u00f5 int\u00e9zet<\/td><td class=\"has-text-align-right\" data-align=\"right\">600 m<sup>2<\/sup><\/td><\/tr><tr><td>20.<\/td><td>S\u00fcn Bal\u00e1zs \u00d3voda Alm\u00e1sf\u00fczit\u00f5<\/td><td class=\"has-text-align-right\" data-align=\"right\">700 m<sup>2<\/sup><\/td><\/tr><tr><td>21.<\/td><td>Lak\u00e1sfenntart\u00f3 Sz\u00f6vetkezet Esztergom<\/td><td class=\"has-text-align-right\" data-align=\"right\">450 m<sup>2<\/sup><\/td><\/tr><tr><td>22.<\/td><td>Esztergom V\u00e1rosi M\u00e9lygar\u00e1zs spinkler tart\u00e1ly<\/td><td class=\"has-text-align-right\" data-align=\"right\">400 m<sup>2<\/sup><\/td><\/tr><tr><td>23.<\/td><td>Esztergom Vaskapu t\u00e1rsash\u00e1z<\/td><td class=\"has-text-align-right\" data-align=\"right\">970 m<sup>2<\/sup><\/td><\/tr><tr><td>24.<\/td><td>Esztergom Babits Iskola<\/td><td class=\"has-text-align-right\" data-align=\"right\">2.500 m<sup>2<\/sup><\/td><\/tr><tr><td>25.<\/td><td>Volt Hell Szakk\u00f6z\u00e9piskola nyaktag<\/td><td class=\"has-text-align-right\" data-align=\"right\">560 m<sup>2<\/sup><\/td><\/tr><tr><td>26.<\/td><td>Esztergom Erzs\u00e9bet h\u00e1z<\/td><td class=\"has-text-align-right\" data-align=\"right\">450 m<sup>2<\/sup><\/td><\/tr><tr><td>27.<\/td><td>G\u00e9za Fejedelem Szakiskola Esztergom konyha<\/td><td class=\"has-text-align-right\" data-align=\"right\">600 m<sup>2<\/sup><\/td><\/tr><tr><td>28.<\/td><td>Esztergom V\u00e1rosi M\u00e9lygar\u00e1zs ideiglenes szigetel\u00e9se<\/td><td class=\"has-text-align-right\" data-align=\"right\">2200 m<sup>2<\/sup><\/td><\/tr><tr><td colspan=\"3\">&nbsp;<strong>Talajnedvess\u00e9g \u00e9s v\u00edznyom\u00e1s elleni szigetel\u00e9sek<\/strong><\/td><\/tr><tr><td>29.<\/td><td>Esztergom Vaszary Kolos K\u00f3rh\u00e1z Reumatol\u00f3gia<\/td><td class=\"has-text-align-right\" data-align=\"right\">300 m<sup>2<\/sup><\/td><\/tr><tr><td>30.<\/td><td>Budapest Cirboly u. csal\u00e1di h\u00e1z<\/td><td class=\"has-text-align-right\" data-align=\"right\">750 m<sup>2<\/sup><\/td><\/tr><tr><td>31.<\/td><td>Budapest Eszter u. t\u00e1rsash\u00e1z<\/td><td class=\"has-text-align-right\" data-align=\"right\">550 m<sup>2<\/sup><\/td><\/tr><tr><td>32.<\/td><td>Esztergom Sz\u00e9chenyi t\u00e9r 21.<\/td><td class=\"has-text-align-right\" data-align=\"right\">340 m<sup>2<\/sup><\/td><\/tr><tr><td>32.<\/td><td>Nyerges\u00fajfalu Munk\u00e1csy liget t\u00e1rsash\u00e1z<\/td><td class=\"has-text-align-right\" data-align=\"right\">450 m<sup>2<\/sup><\/td><\/tr><tr><td>34.<\/td><td>Esztergom csal\u00e1di h\u00e1z pince<\/td><td class=\"has-text-align-right\" data-align=\"right\">100 m2<\/td><\/tr><tr><td>35.<\/td><td>Esztergom Vaskapu t\u00e1rsash\u00e1z<\/td><td class=\"has-text-align-right\" data-align=\"right\">350 m<sup>2<\/sup><\/td><\/tr><tr><td>36.<\/td><td>Esztergom M\u00e1ria Val\u00e9ria hotel<\/td><td class=\"has-text-align-right\" data-align=\"right\">950 m<sup>2<\/sup><\/td><\/tr><\/tbody><\/table><\/figure>\n","protected":false},"excerpt":{"rendered":"<p>. Zoltek Zrt. 1300 m2 2. L\u00e1batlan 23 lak\u00e1sos t\u00e1rsash\u00e1z z\u00f6ldtet\u00f5 350 m2 3. Rosenberg hung\u00e1ria Kft 300 m2 4. Esztergom Irinyi h\u00e1z z\u00f6ldtet\u00f5 1680 m2 5. Magyar Suzuki Zrt PVC szigetel\u00e9s 550 m2 6. E-ON Rt. traf\u00f3h\u00e1zak 200 m2 7. Budapest Eszter u. t\u00e1rsash\u00e1z 680 m2 8. Esztergom Szt.Tam\u00e1s hegy t\u00e1rsash\u00e1z 190 m2 9. &hellip; <a href=\"https:\/\/szigbad.hu.webhost.v-comp.ch\/?page_id=277\" class=\"more-link\">Continue reading<span class=\"screen-reader-text\"> &#8220;2008. \u00e9vi referencialista&#8221;<\/span><\/a><\/p>\n","protected":false},"author":1,"featured_media":0,"parent":0,"menu_order":0,"comment_status":"closed","ping_status":"closed","template":"","meta":{"footnotes":""},"class_list":["post-277","page","type-page","status-publish","hentry"],"_links":{"self":[{"href":"https:\/\/szigbad.hu.webhost.v-comp.ch\/index.php?rest_route=\/wp\/v2\/pages\/277","targetHints":{"allow":["GET"]}}],"collection":[{"href":"https:\/\/szigbad.hu.webhost.v-comp.ch\/index.php?rest_route=\/wp\/v2\/pages"}],"about":[{"href":"https:\/\/szigbad.hu.webhost.v-comp.ch\/index.php?rest_route=\/wp\/v2\/types\/page"}],"author":[{"embeddable":true,"href":"https:\/\/szigbad.hu.webhost.v-comp.ch\/index.php?rest_route=\/wp\/v2\/users\/1"}],"replies":[{"embeddable":true,"href":"https:\/\/szigbad.hu.webhost.v-comp.ch\/index.php?rest_route=%2Fwp%2Fv2%2Fcomments&post=277"}],"version-history":[{"count":2,"href":"https:\/\/szigbad.hu.webhost.v-comp.ch\/index.php?rest_route=\/wp\/v2\/pages\/277\/revisions"}],"predecessor-version":[{"id":279,"href":"https:\/\/szigbad.hu.webhost.v-comp.ch\/index.php?rest_route=\/wp\/v2\/pages\/277\/revisions\/279"}],"wp:attachment":[{"href":"https:\/\/szigbad.hu.webhost.v-comp.ch\/index.php?rest_route=%2Fwp%2Fv2%2Fmedia&parent=277"}],"curies":[{"name":"wp","href":"https:\/\/api.w.org\/{rel}","templated":true}]}}